et o(y) = -61*y. Let j be o(-4). Suppose j = 4*h - 0*z - 4*z, -5*h + 299 = z. What is the highest common divisor of g and h?
12
Let k(u) = -u**2 - 3*u + 1. Let p be k(3). Let o = 21 + p. Let c = -40 - -56. Calculate the greatest common factor of o and c.
4
Suppose -g + 37 = 4*s, -2*g - 56 = -5*s - 0*s. Suppose -5*d = -s*d + 225. Suppose -o + 10 = o. What is the highest common divisor of d and o?
5
Let n(c) = c**2 + 9*c - 71. Let i be n(8). What is the highest common divisor of 52 and i?
13
Let g be (-1)/4 - 242/(-8). Let j = 78 + -54. Let q = -18 + j. Calculate the greatest common divisor of g and q.
6
Let j = 0 - -2. Suppose 27*n - 67 = 419. Calculate the highest common divisor of j and n.
2
Let m(j) = j**3 + 24*j**2 - 29*j + 28. Let z be m(-25). What is the greatest common factor of 64 and z?
64
Let j = 42 + -72. Let k be 1/(-1*3/j). Let d = k - 6. Calculate the greatest common divisor of d and 20.
4
Let r(s) = 28*s - 105. Let c be r(6). Suppose -4*b = -73 + 1. What is the greatest common divisor of b and c?
9
Suppose -5*m = 5*v - 4215, 0 = 14*v - 19*v + 15. Calculate the highest common factor of m and 300.
60
Let k be (-2 + 2)*(4/6 + -1). Let h be 6/18*6 - (k - 0). Calculate the greatest common divisor of 14 and h.
2
Let p(l) = -l + 131. Let m be p(19). Calculate the highest common divisor of m and 392.
56
Suppose 4*g - 252 = g. Suppose -13*o - g = -15*o. Suppose -2*k = k - o. What is the highest common divisor of k and 2?
2
Let x = 72 - 8. Suppose -75*p + 44*p + 52*p = 84. What is the greatest common divisor of x and p?
4
Suppose -43 = -2*m + 53. What is the greatest common divisor of m and 3?
3
Let f(t) = -t**3 - 11*t**2 - 62*t + 2. Let w be f(-5). What is the highest common divisor of 6 and w?
6
Let c(m) = 6*m - 50. Let t(b) = -13*b + 99. Let x(n) = 5*c(n) + 2*t(n). Let d be x(25). Calculate the greatest common divisor of d and 72.
24
Let c be (-108)/10*5/(-2). Let n = c + 9. Suppose 4*p = 3*t - 28, 2*t + 4*p = 2*p. What is the greatest common factor of n and t?
4
Suppose 15*y - 16*y + 2 = 0. Suppose -y*c + 91 = h, 0*h + 95 = 2*c - 3*h. Calculate the highest common factor of 184 and c.
46
Let f(s) = 21*s**2 - 73*s - 145. Let x be f(-2). What is the highest common divisor of 34 and x?
17
Let d(t) = 2*t**3 - 6*t + 38 - 6*t**2 - t - 34 - 5*t**3. Let i be d(-4). What is the highest common divisor of i and 32?
32
Let a = -303 + 393. What is the highest common factor of a and 150?
30
Suppose -3*z - l - 47 = 0, -2*z + 0*z - 34 = 2*l. Let c(q) = q**3 + 14*q**2 - 17*q - 22. Let v be c(z). Calculate the highest common factor of v and 40.
8
Suppose -44 = 4*a + 5*s + 60, -2*a + 2*s - 52 = 0. Let m = a - -32. What is the greatest common factor of m and 54?
6
Let o = 725 + -712. Calculate the greatest common factor of o and 13.
13
Let c = -11 - -1. Let k be 5*(-4)/c*-2. Let d(h) = 2*h**2 + 2*h - 5. Let g be d(k). Calculate the greatest common factor of g and 209.
19
Let j = -294 + 574. Let z be (35/5 - 2)/((-1)/(-7)). What is the highest common factor of j and z?
35
Let a = 1702 - 1699. What is the greatest common divisor of a and 177?
3
Let c = 39 - 19. Let t be ((-4)/6)/(12/(-198)). Let n(o) = 3*o - 25. Let b be n(t). Calculate the greatest common factor of c and b.
4
Let u be 36/(-351)*-252 - 2/(-13). Suppose 16 = h + 3. What is the greatest common divisor of u and h?
13
Let u = -52 + 58. Suppose u*i = 320 + 310. Suppose -4*x + b + 65 = 0, x + 5*b - 5 = -x. Calculate the greatest common divisor of x and i.
15
Suppose 100 = -2*p + 266. Suppose 0 = z + z + 118. Let f = z + p. What is the greatest common divisor of 192 and f?
24
Suppose -q - 11*q + 144 = 0. Calculate the greatest common factor of 348 and q.
12
Suppose 0 = -i + x + 69, i - 4*x - 72 = -2*x. Calculate the highest common factor of i and 22.
22
Suppose -2*j + 16 = -0*j. Suppose -10*g = 32 + 88. Let x be 3 - 3/(g/(-4))*-85. Calculate the highest common divisor of j and x.
8
Let l be -2*26/(0 + (-16)/(-12)). Let m be 0 + 1 + (-16 - l). Calculate the highest common factor of 48 and m.
24
Let k(t) = -14*t - 9. Let a be k(-3). Let b = 89 - a. Calculate the greatest common factor of b and 8.
8
Let p be 23 - (20 - 18)/(2/(-6)). What is the highest common factor of p and 203?
29
Let q = 132 + 116. What is the greatest common divisor of 31 and q?
31
Let t(f) = -5*f. Let a(m) = -9*m - 1. Let n(v) = -4*a(v) + 7*t(v). Let i be n(-4). Suppose i = -4*z - 17 + 61. What is the highest common divisor of 99 and z?
11
Let z(r) = -23*r - 391. Let l be z(-18). Calculate the greatest common factor of l and 2.
1
Suppose 3*b = -0*b + 15. Suppose -b*v - 10 = 2*o - 111, 134 = 3*o + 4*v. Calculate the highest common factor of o and 38.
38
Let d be (-3)/((-80)/26 - -3). What is the highest common divisor of d and 624?
39
Suppose 3*q + 579 = -q + 3*l, 0 = 2*q - 2*l + 290. Let z = q - -276. What is the greatest common divisor of z and 12?
12
Suppose 13*q = 60*q - 87232. Calculate the highest common divisor of q and 58.
58
Suppose -6*s - 5*u = -5*s, 0 = -3*s + 3*u. Suppose s = -m - 4*c + 19, c - 16 - 15 = -m. What is the highest common divisor of 5 and m?
5
Suppose 0 = -r - 3, 5*d - 2 = -5*r + 3. What is the greatest common factor of d and 20?
4
Let n = 459 + -211. Calculate the highest common divisor of 62 and n.
62
Let g = -124 - -128. What is the greatest common divisor of 20 and g?
4
Let d = 9 + -5. Suppose -7*u + 9 = -d*u. Let h be 3/((-36)/(-11) - u). Calculate the greatest common divisor of h and 88.
11
Let o be 1/2 - (-81)/18. Suppose -o*r + 4*r = -12. Let h(c) = -c**3 + 9*c**2 - 7*c - 1. Let d be h(7). Calculate the highest common factor of d and r.
12
Let b = -878 - -1078. What is the highest common factor of b and 30?
10
Suppose -2*z + 6*z = 64. Suppose -3*l + 35 - 11 = 0. Calculate the greatest common divisor of l and z.
8
Let y = -35 - -13. Let b = -19 - y. Suppose 0*p = 3*p + 2*f - 28, p - 5*f + 19 = 0. Calculate the highest common factor of b and p.
3
Let m be 0 + 8 + (-3 - -3). Let t be ((-2)/(-10)*21)/(m/40). What is the highest common factor of t and 7?
7
Suppose -o = o - 4*f + 70, 5*o - 4*f = -145. Let i be (-25)/(-1)*(2 - (-35)/o). Calculate the highest common factor of i and 20.
5
Suppose -32*f + 324 = -14*f. Calculate the greatest common divisor of f and 24.
6
Suppose -76 = 2*i - w, -4*i + w = 6*w + 180. Let m = i - 1. Let y = 70 + m. Calculate the highest common divisor of 29 and y.
29
Let x(w) = w**3 + 8*w**2 + 8*w + 10. Let b be x(-7). Let t = b + 3. Let n be -2*1 - (-2 - t). What is the highest common divisor of n and 3?
3
Let x(s) = s - 15. Let h be x(24). Let d(n) = n**3 + 6*n**2 - n - 2. Let r be d(-6). Suppose 300 = h*w - r*w. What is the greatest common factor of w and 40?
20
Let q be 6/(1/(-2 - -3)). Let s = 73 - 145. Let d be (s/16)/((-6)/56). What is the greatest common divisor of d and q?
6
Suppose -809 - 3272 = -7*d. Calculate the greatest common factor of 66 and d.
11
Let z(v) = -v**3 - 2*v**2 + 10*v + 12. Let x be z(-4). Calculate the greatest common divisor of x and 140.
4
Let a be 3/2 - 11/(-2). Suppose -55 = -4*f - a. What is the highest common divisor of 6 and f?
6
Let y(s) = 4*s**2 - 9*s - 2. Let m be ((-3)/((-9)/12))/2 - -2. Let n be y(m). What is the greatest common factor of 26 and n?
26
Suppose 81 = 5*x - 2*d, 5*d + 75 = 3*x + 2*x. Calculate the greatest common factor of x and 272.
17
Suppose -113 = -3*l + u, -3*l + 87 = 5*u + 4. Let w = 21 - 9. What is the greatest common divisor of w and l?
12
Let f(m) = 2*m**3 - m**2 + 7. Let y be f(3). Let p = 94 - y. Calculate the highest common divisor of p and 28.
14
Suppose -5*z + 5*x - 4*x + 15675 = 0, 0 = 4*x - 20. What is the greatest common divisor of z and 32?
32
Let h = 199 - 294. Let j = h + 193. Let w be ((-141)/(-564))/(57/56 + -1). Calculate the greatest common factor of w and j.
14
Let i = -71 + 74. Let c be 5/((-5)/(-138))*(i + -2). Calculate the highest common divisor of 23 and c.
23
Let v be 3/((-15)/(-12) - 2). Let j be v/(3*(-5)/525). Calculate the greatest common factor of 35 and j.
35
Suppose 4*i - 246 = 282. Calculate the highest common divisor of 12 and i.
12
Let r be (-2 + 0)/((-2)/27). Suppose -5*s = 1051 - 1096. What is the greatest common factor of r and s?
9
Let s(c) be the third derivative of -c**2 - 1